base 9?
-2
370 (base 8) to base 15
118
Convert 88 (base 10) to base 4.
1120
Convert -4 (base 9) to base 12.
-4
What is 28 (base 11) in base 3?
1010
Convert -18 (base 12) to base 9.
-22
0 (base 3) to base 5
0
-104 (base 8) to base 5
-233
110 (base 4) to base 5
40
Convert 222 (base 8) to base 6.
402
Convert 2 (base 13) to base 8.
2
Convert -645 (base 8) to base 15.
-1d1
Convert 440 (base 6) to base 7.
330
Convert -4 (base 8) to base 16.
-4
Convert 1 (base 15) to base 13.
1
What is 4 (base 13) in base 16?
4
-100000 (base 2) to base 12
-28
What is -1011 (base 3) in base 9?
-34
Convert -4 (base 10) to base 13.
-4
What is 6 (base 10) in base 11?
6
What is -1d (base 16) in base 5?
-104
10 (base 2) to base 8
2
12 (base 5) to base 7
10
Convert 153 (base 10) to base 15.
a3
What is -76 (base 15) in base 13?
-87
What is -44 (base 5) in base 12?
-20
1 (base 14) to base 7
1
-6 (base 8) to base 16
-6
Convert -8 (base 14) to base 8.
-10
14 (base 8) to base 6
20
Convert 214 (base 7) to base 5.
414
3 (base 15) to base 13
3
50 (base 12) to base 6
140
What is -13 (base 4) in base 2?
-111
-20 (base 3) to base 11
-6
-11 (base 7) to base 3
-22
What is 1b (base 15) in base 13?
20
Convert -17 (base 15) to base 9.
-24
Convert 2 (base 7) to base 13.
2
-8 (base 10) to base 7
-11
What is -27 (base 10) in base 7?
-36
Convert 107 (base 10) to base 5.
412
What is -e7 (base 16) in base 2?
-11100111
22 (base 6) to base 3
112
8 (base 15) to base 13
8
Convert -13 (base 7) to base 3.
-101
Convert -3 (base 12) to base 10.
-3
What is -10 (base 14) in base 3?
-112
Convert -3001 (base 4) to base 11.
-166
What is 120 (base 10) in base 15?
80
What is -1323 (base 4) in base 7?
-234
-1 (base 7) to base 4
-1
What is -38 (base 14) in base 12?
-42
-56 (base 7) to base 11
-38
-b (base 14) to base 6
-15
What is 40 (base 13) in base 16?
34
What is 15 (base 7) in base 9?
13
What is a (base 16) in base 4?
22
57 (base 8) to base 3
1202
40 (base 15) to base 16
3c
Convert 0 (base 4) to base 12.
0
Convert -1 (base 8) to base 13.
-1
What is 2 (base 10) in base 11?
2
81 (base 14) to base 7
221
-62 (base 16) to base 4
-1202
What is 3 (base 5) in base 9?
3
What is -8 (base 10) in base 2?
-1000
What is 213 (base 7) in base 15?
73
What is d (base 14) in base 13?
10
What is -3 (base 4) in base 8?
-3
Convert -101000001 (base 2) to base 7.
-636
What is -9 (base 14) in base 3?
-100
-12 (base 6) to base 12
-8
Convert 48 (base 15) to base 6.
152
Convert 3 (base 9) to base 6.
3
Convert -3 (base 9) to base 2.
-11
What is 3 (base 14) in base 11?
3
What is 1 (base 12) in base 2?
1
What is -3 (base 7) in base 16?
-3
0 (base 9) to base 14
0
What is -3c (base 15) in base 2?
-111001
Convert -100 (base 3) to base 7.
-12
What is -c (base 15) in base 11?
-11
Convert -8 (base 15) to base 13.
-8
What is -1 (base 5) in base 8?
-1
1 (base 4) to base 2
1
-4 (base 5) to base 8
-4
What is -5 (base 16) in base 4?
-11
110 (base 7) to base 9
62
Convert 131 (base 6) to base 4.
313
Convert 3 (base 11) to base 3.
10
-10101010 (base 2) to base 5
-1140
What is -14 (base 7) in base 14?
-b
What is 1 (base 2) in base 8?
1
What is -54 (base 7) in base 14?
-2b
What is 2 (base 7) in base 8?
2
What is 6 (base 16) in base 15?
6
-1 (base 11) to base 7
-1
-3 (base 5) to base 2
-11
What is 91 (base 10) in base 13?
70
7 (base 10) to base 13
7
Convert 30 (base 4) to base 15.
c
What is -2033 (base 5) in base 4?
-10030
What is -2120 (base 4) in base 16?
-98
What is -101 (base 3) in base 10?
-10
-10d (base 16) to base 15
-12e
Convert -5 (base 9) to base 6.
-5
-1a (base 12) to base 13
-19
30 (base 11) to base 5
113
Convert 26 (base 8) to base 14.
18
Convert -45 (base 9) to base 15.
-2b
123 (base 5) to base 11
35
What is 11 (base 3) in base 9?
4
Convert -25 (base 6) to base 14.
-13
Convert -a (base 15) to base 14.
-a
Convert -24 (base 12) to base 3.
-1001
Convert -2 (base 3) to base 15.
-2
19 (base 11) to base 4
110
What is -11 (base 4) in base 16?
-5
Convert 1 (base 13) to base 15.
1
112 (base 3) to base 14
10
Convert a7 (base 16) to base 4.
2213
What is 18 (base 11) in base 15?
14
Convert 120 (base 3) to base 16.
f
49 (base 16) to base 9
81
Convert -6 (base 10) to base 6.
-10
Convert 40 (base 10) to base 8.
50
7 (base 8) to base 15
7
What is -b3 (base 12) in base 13?
-a5
What is -12 (base 16) in base 4?
-102
What is -155 (base 6) in base 7?
-131
Convert 38 (base 13) to base 10.
47
What is -63 (base 14) in base 3?
-10020
120 (base 3) to base 15
10
Convert -420 (base 6) to base 15.
-a6
What is 0 (base 5) in base 11?
0
Convert 2 (base 16) to base 8.
2
What is -1 (base 11) in base 9?
-1
0 (base 14) to base 6
0
-81 (base 13) to base 8
-151
What is 55 (base 10) in base 2?
110111
What is -21 (base 10) in base 5?
-41
-5 (base 7) to base 13
-5
What is -1c (base 14) in base 4?
-122
Convert 4 (base 10) to base 2.
100
What is 11a (base 11) in base 5?
1032
Convert 4 (base 12) to base 2.
100
What is 302 (base 5) in base 9?
85
-2a (base 14) to base 2
-100110
Convert -2 (base 15) to base 9.
-2
-3 (base 5) to base 9
-3
Convert -22 (base 14) to base 12.
-26
Convert -2 (base 10) to base 15.
-2
Convert 3 (base 8) to base 13.
3
Convert 1 (base 9) to base 13.
1
What is 0 (base 8) in base 6?
0
Convert -24 (base 6) to base 15.
-11
100 (base 2) to base 7
4
Convert 202 (base 3) to base 12.
18
Convert -a5 (base 11) to base 6.
-311
367 (base 8) to base 6
1051
Convert 2 (base 13) to base 12.
2
Convert -105 (base 6) to base 9.
-45
-31 (base 4) to base 5
-23
What is 10 (base 6) in base 15?
6
Convert -77 (base 10) to base 5.
-302
What is -1 (base 9) in base 3?
-1
Convert 21 (base 5) to base 9.
12
What is a (base 16) in base 3?
101
What is -2 (base 3) in base 9?
-2
What is 22 (base 3) in base 2?
1000
66 (base 12) to base 15
53
What is 22100 (base 3) in base 12?
169
-316 (base 7) to base 14
-b6
-40 (base 5) to base 12
-18
What is -30 (base 4) in base 3?
-110
1010 (base 5) to base 10
130
0 (base 12) to base 7
0
1 (base 11) to base 16
1
Convert 4 (base 5) to base 15.
4
Convert -15 (base 10) to base 5.
-30
-34 (base 6) to base 3
-211
-2 (base 11) to base 3
-2
6 (base 9) to base 16
6
Convert -1 (base 6) to base 15.
-1
Convert -11 (base 6) to base 9.
-7
-272 (base 11) to base 13
-1b9
-304 (base 10) to base 12
-214
Convert 110 (base 5) to base 15.
20
What is -1002 (base 4) in base 9?
-73
2 (base 16) to base 9
2
Convert -411 (base 5) to base 14.
-78
Convert -101 (base 2) to base 6.
-5
What is 17 (base 14) in base 4?
111
Convert -16a (base 12) to base 15.
-101
-1 (base 4) to base 11
-1
-13 (base 13) to base 15
-11
What is 2 (base 11) in base 8?
2
-100 (base 7) to base 15
-34
What is 5 (base 10) in base 8?
5
Convert -3 (base 6) to base 14.
-3
Convert 215 (base 7) to base 8.
156
What is 1 (base 4) in base 10?
1
Convert -20 (base 3) to base 12.
-6
What is -22 (base 4) in base 16?
-a
8 (base 15) to base 3
22
-2 (base 4) to base 9
-2
What is 29 (base 13) in base 4?
203
What is 3 (base 8) in base 7?
3
Convert 10110110 (base 2) to base 9.
222
What is a (base 13) in base 2?
1010
What is 2 (base 9) in base 8?
2
Convert 43 (base 13) to base 4.
313
Convert -64 (base 11) to base 8.
-106
What is -1 (base 9) in base 16?
-1
Convert -3 (base 11) to base 5.
-3
What is -65 (base 8) in base 5?
-203
Convert -3b (base 13) to base 16.
-32
What is 3 (base 9) in base 8?
3
-3 (base 11) to base 15
-3
-65 (base 15) to base 7
-164
Convert 2a (base 14) to base 13.
2c
19 (base 11) to base 8
24
What is -2 (base 11) in base 15?
-2
23 (base 9) to base 16
15
What is -1 (base 2) in base 10?
-1
What is -152 (base 9) in base 4?
-2000
What is -14 (base 5) in base 15?
-9
What is 0 (base 5) in base 6?
0
Convert -41 (base 8) to base 10.
-33
-22 (base 7) to base 2
-10000
Convert -102 (base 7) to base 8.
-63
What is 3 (base 10) in base 7?
3
Convert 150 (base 12) to base 15.
d9
-4 (base 8) to base 4
-10
What is -11 (base 3) in base 8?
-4
Convert 122 (base 3) to base 9.
18
What is 213 (base 5) in base 13?
46
What is -143 (base 16) in base 2?
-101000011
-41 (base 11) to base 14
-33
3 (base 8) to base 2
11
Convert -2 (base 11) to base 8.
-2
Convert 4 (base 7) to base 11.
4
-1 (base 6) to base 11
-1
What is 1 (base 11) in base 14?
1
0 (base 6) to base 13
0
-2 (base 9) to base 10
-2
Convert -1000 (base 2) to base 5.
-13
Convert 1100011 